 + 9, a = -4*p + 9. What is the remainder when 3 is divided by -1*p/2*-4?
1
Let t(z) = -1 - 213*z**2 + 4 - z**3 + 15*z + 207*z**2. Suppose -2*l = 4*d - 28, 5*l = -2*d + 59 + 35. Calculate the remainder when l is divided by t(-8).
9
Let t(o) = o - 5. Suppose 3*j - 14 = j. Let c be t(j). Suppose 0 = 2*d + w - 34, 2*w = c*d + 2*d - 60. Calculate the remainder when 30 is divided by d.
14
Let j(m) = -2*m + 38. What is the remainder when 46 is divided by j(11)?
14
Calculate the remainder when 23 is divided by (-3)/(9/6)*-2.
3
Let d = 140 + -114. Calculate the remainder when d is divided by 19.
7
Let x = 4 - 2. Let v(c) = 2*c**3 - 2*c**2 + 1. Let y be v(1). Let a(g) = 5*g. What is the remainder when a(y) is divided by x?
1
Let z(p) = -2*p**2 + 25*p - 15. What is the remainder when z(11) is divided by 5?
3
Suppose -101*n = -93*n - 256. Calculate the remainder when 95 is divided by n.
31
Suppose -5*u - 75 = -q - 3*q, 0 = q - 4*u - 16. What is the remainder when q is divided by -22*((-10)/4 - -2)?
9
Let n be -2 + (-3)/(6/(-4)). Let s be -1*(n - (1 + -3)). Calculate the remainder when 159/6 + s/4 is divided by 14.
12
Let l(w) = 6*w**2 - 2*w + 2. Let o be l(2). Let g = o - 11. Calculate the remainder when 18 is divided by g.
7
Let q(c) = 5*c**2 - 2*c + 3. Let u be q(2). Suppose u = 5*w + 4. What is the remainder when 10 is divided by w?
1
Let w = 24 + -27. Calculate the remainder when w - -31*(-3 - -4) is divided by 15.
13
Suppose 2*r + 8 - 20 = 0. What is the remainder when r is divided by (1/(-4))/(-4 - (-124)/32)?
0
Calculate the remainder when 3/(-2)*154/(-21) is divided by 3.
2
Let c be 84/35*10/4. Suppose c = 3*m - m, -y - m = -42. What is the remainder when y is divided by 14?
11
Suppose 0*z - 2*z = -h + 11, -z = 4*h - 26. Let l(w) be the first derivative of 2*w**2 - 7*w - 1. Calculate the remainder when l(h) is divided by 12.
9
Let k(s) = s**3 + 8*s**2 - 13*s. Calculate the remainder when k(-9) is divided by 13.
10
Suppose 0*p = -4*p - 3*w + 71, 3*w + 48 = 3*p. Calculate the remainder when 66 is divided by p.
15
Let m(z) = 7*z**3 - 3*z**2 - z + 4. What is the remainder when m(2) is divided by 6?
4
What is the remainder when 35 is divided by 1 - 1 - ((6 - 2) + -22)?
17
Suppose 39 = 4*f - f. What is the remainder when f is divided by 5?
3
Let k(q) be the third derivative of -2*q**2 + 0*q + 1/60*q**5 - 1/3*q**3 + 0 + 5/24*q**4. What is the remainder when 23 is divided by k(-7)?
11
Let g be ((-9)/18)/((-1)/8). Suppose -g*n = -9*n + 30. Calculate the remainder when 15 is divided by n.
3
Suppose 4*a = -20, -u = 3*a - 0*a + 12. Let p = 13 + -8. Let j = p + u. What is the remainder when j is divided by 5?
3
Suppose 2*o + 3*g + 111 = 5*o, -4*g = -4. Calculate the remainder when o is divided by 13.
12
Suppose 150 = 3*f - 0*f. What is the remainder when f is divided by 13?
11
Let z(l) = -2*l**3 - 2*l**2 - l + 1. Let y be 7/3 - 12/(-18). Suppose 2*g - y*g = 2. Calculate the remainder when 20 is divided by z(g).
9
Let v be 49*4/(-8)*-4. Suppose -2*h = -3*r - 46, -5*r + 27 = -3*h + v. What is the remainder when 50 is divided by h?
16
Calculate the remainder when 39 is divided by (-10)/3*12/(-4).
9
Let n be (-4)/(-6)*(-27)/(-6). Suppose n*i - 13 = 2*i. Suppose 3*d = -2*d + 125. What is the remainder when d is divided by i?
12
Let c = 5 - 2. Suppose -11 = -w + c*f + 46, 4*w - 214 = 5*f. What is the remainder when w is divided by 26?
25
Let t(b) = 2 + 7*b + 0 - 3. Calculate the remainder when 24 is divided by t(2).
11
Let f = -3 - -9. Suppose y - 288 = -7*y. Suppose f*m - 3*m = y. What is the remainder when 35 is divided by m?
11
Let r(y) = -y**2 - 3. Let p be -2 + 3 - 1 - 3. Let f be r(p). Let h = f - -17. What is the remainder when 8 is divided by h?
3
Suppose -2*d - 56 = a + 3*a, 0 = 3*a. Let r = 48 + d. Calculate the remainder when r is divided by 11.
9
Suppose 9*a - 119 = -2. What is the remainder when 64 is divided by a?
12
Suppose 4 = 2*a + 2*a + i, 2*a - 5*i = -20. Suppose a = 2*v - 0*v. Suppose c + c + 5*l + 21 = v, c + l + 3 = 0. Calculate the remainder when 5 is divided by c.
1
Suppose z + u + 25 = 71, -132 = -3*z + 3*u. Let s = z - 26. Calculate the remainder when s is divided by 7.
5
Suppose 4*x + 10 + 34 = 4*t, -t + 31 = 3*x. What is the remainder when 59 is divided by t?
11
Suppose 0 = 5*x - q - 1, x + 5*q + 0*q = -5. Suppose -111 = -2*s - f, -f - 2*f + 15 = x. Calculate the remainder when s is divided by 18.
17
Suppose -7*x + 20 = -2*x. Suppose 2*t = -o + 16, -x = -3*o + 4*t + 4. What is the remainder when 14 is divided by o?
6
Let t(k) = 14*k**2 - 2*k + 1. Let y = 20 + -19. Calculate the remainder when 38 is divided by t(y).
12
Suppose 2*h + 19 = 61. What is the remainder when 41 is divided by h?
20
Suppose -2*f = 5*g - 35, 56 = 5*f - g - 45. Let q = f + 38. What is the remainder when q is divided by 20?
18
Suppose -9 = -2*c - c. Suppose -3*l + 30 + c = 0. Calculate the remainder when l is divided by 4.
3
Let t = -17 + 24. Let n(f) = -f**2 + 10*f - 7. What is the remainder when n(t) is divided by 8?
6
Let o = -42 - -74. What is the remainder when 126 is divided by o?
30
Suppose -495 = 4*y - 9*y. Calculate the remainder when y is divided by 34.
31
Let p(c) = 2*c**2 + 3*c + 2. Let w be p(3). Suppose -5*r + w = -g, -4*r + 0*r = 4*g - 28. Suppose r + 7 = q. Calculate the remainder when q is divided by 5.
3
Let b = 39 - -1. Suppose -15 = -v - 2*x, -5*v + 108 = -3*x + 2*x. What is the remainder when b is divided by v?
19
Let k(z) = z + 6. What is the remainder when 29 is divided by k(2)?
5
Let g = 42 + 15. What is the remainder when g is divided by 12?
9
Suppose i + 2 = x, i + x - 8 = -0*x. Suppose 0 = -5*l - 0*f + 5*f + 45, f - 27 = -3*l. Calculate the remainder when l is divided by i.
0
Suppose 6*q + 3*o - 44 = 2*q, 2*o = -3*q + 32. Suppose 0 = p - 3 - 2. Suppose 30 = -p*r + 100. What is the remainder when r is divided by q?
6
Let j(f) = -f + 1. Let g(k) = 3*k - 4. Let h(b) = g(b) + 6*j(b). Calculate the remainder when h(-6) is divided by 7.
6
Let m = -29 - -52. Let y = m + 7. Calculate the remainder when y is divided by 16.
14
Suppose 3*g = 15 - 0. Calculate the remainder when 9 is divided by g.
4
Suppose -7*i + 387 = -4*i. What is the remainder when i is divided by 33?
30
Let z be (-25)/(-3) - 3/9. Suppose z = -0*s + s. Calculate the remainder when s is divided by 5.
3
Let o(f) = f**3 + 9*f**2 + 12*f - 2. Let m(i) = -i**2 + 17*i - 7. Let b be m(17). What is the remainder when 35 is divided by o(b)?
11
Let z = 2 - -4. Let o(s) = s**2 + 0*s**2 + 2*s - 4 - 7*s. What is the remainder when o(z) is divided by 2?
0
Suppose -3*v - 5*m = 8, -4*m - 8 = -2*m. Suppose 3*l = 4 + 44. Let i = l + -5. What is the remainder when i is divided by v?
3
Calculate the remainder when 22/(-5)*(2 + -12) is divided by 23.
21
Let q(z) = 5*z - 2. Let i be q(4). Suppose 0 = 4*a - i + 2. What is the remainder when a is divided by 4?
0
Suppose -v + 0*v = 26. Let h = 36 + v. What is the remainder when 18 is divided by h?
8
What is the remainder when 510/18 - (0 - 2/3) is divided by 6?
5
Let x(y) = 16*y**2 - y - 2. What is the remainder when 41 is divided by x(-1)?
11
Let q be (50/20)/(2/(-4)). Suppose 4*a + v + 43 = 0, -4*a - 11 = 3*v + 22. Let g = q - a. What is the remainder when g is divided by 4?
3
Let z(i) = -4*i + 6*i - 3*i + 9. What is the remainder when 34 is divided by z(0)?
7
Let n = 43 - -22. Calculate the remainder when n is divided by 17.
14
Calculate the remainder when 36 is divided by ((-99)/6)/(2 - 44/16).
14
Suppose -5*g + 243 = 4*i + 15, -g = -2*i + 114. Suppose 5*v + i = 8*v. Calculate the remainder when v is divided by 5.
4
Let b(f) = -8*f - 6. What is the remainder when b(-7) is divided by 26?
24
Suppose -1 = -2*s + 9. Suppose 132 = 3*k - 3*r, k = -2*k + s*r + 136. Calculate the remainder when k is divided by 11.
9
Let s(i) be the first derivative of i**2/2 - 4*i + 2. Calculate the remainder when 9 is divided by s(9).
4
Suppose 2*u - 346 = -52. Suppose 31 = -4*t + u. What is the remainder when 113 is divided by t?
26
Let h(d) = -d**2 - 15*d + 12. Calculate the remainder when h(-12) is divided by 10.
8
Let a(t) = t**3 + 5*t**2 - 6*t - 5. Let z be a(-6). Suppose 0 = -5*w + k + 33, 8*w - 4*w - 21 = -k. Calculate the remainder when w is divided by 2/z*(-20)/2